{"id":735,"date":"2018-08-29T22:31:53","date_gmt":"2018-08-30T01:31:53","guid":{"rendered":"https:\/\/isfd65-bue.infd.edu.ar\/sitio\/tecnico-superior-en-administracion-publica\/"},"modified":"2023-02-17T13:49:09","modified_gmt":"2023-02-17T16:49:09","slug":"tecnico-superior-en-administracion-pymes","status":"publish","type":"page","link":"https:\/\/isfd65-bue.infd.edu.ar\/sitio\/tecnico-superior-en-administracion-pymes\/","title":{"rendered":"Tecnicatura Superior en Administraci\u00f3n de Peque\u00f1as y Medianas Empresas (PYMES)"},"content":{"rendered":"\n<figure class=\"wp-block-table\"><table><tbody><tr><td><strong>INFORMACI\u00d3N GENERAL<\/strong><\/td><\/tr><\/tbody><\/table><\/figure>\n\n\n\n<figure class=\"wp-block-table\"><table><tbody><tr><td>T\u00e9cnico Superior en Administraci\u00f3n de Peque\u00f1as y Medianas Empresas<br>T\u00edtulo Oficial de Validez Nacional: Resol. 5835\/03<br>Horario de cursada: 18 a 20 horas.<\/td><td>Duraci\u00f3n: 3 a\u00f1os<br>Modalidad: Presencial <br>Requisitos: T\u00edtulo Secundario* &nbsp;<\/td><\/tr><\/tbody><\/table><\/figure>\n\n\n\n<figure class=\"wp-block-table\"><table><tbody><tr><td>CAMPO PROFESIONAL<\/td><\/tr><\/tbody><\/table><\/figure>\n\n\n\n<p>El T\u00e9cnico Superior en Administraci\u00f3n podr\u00e1 desarrollar sus actividades en grandes empresas, peque\u00f1as y medianas empresas y micro emprendimientos como tambi\u00e9n en el sector terciario.<\/p>\n\n\n\n<p>Podr\u00e1s emprender con buenos conocimientos tu propia empresa, lo que te permitir\u00e1 potenciar tus ideas y proyectos, con posibilidades de \u00e9xito.<\/p>\n\n\n\n<p>Podr\u00e1s integrar equipos en empresas de distintos tama\u00f1os, para realizar muy variadas tareas, por ejemplo:<\/p>\n\n\n\n<p>\u2013 Direcci\u00f3n y planeamiento<br>\u2013 Producci\u00f3n<br>\u2013 Recursos Humanos<br>\u2013 Compras<br>\u2013 Comercializaci\u00f3n y Comercio Exterior<br>\u2013 Financiaci\u00f3n<br>\u2013 Contabilizaci\u00f3n<br>\u2013 Gesti\u00f3n integral<\/p>\n\n\n<table width=\"633\">\n<tbody>\n<tr>\n<td width=\"633\"><strong>PLAN DE ESTUDIOS<\/strong><\/td>\n<\/tr>\n<\/tbody>\n<\/table>\n<table>\n<tbody>\n<tr>\n<td width=\"189\"><strong>1\u00b0 A\u00f1o<\/strong><p><\/p>\n<p><strong>&nbsp;<\/strong><\/p>\n<\/td>\n<td width=\"189\"><strong>2\u00b0 a\u00f1o<\/strong><p><\/p>\n<p><strong>&nbsp;<\/strong><\/p>\n<\/td>\n<td width=\"189\"><strong>3\u00b0 a\u00f1o<\/strong><p><\/p>\n<p><strong>&nbsp;<\/strong><\/p>\n<\/td>\n<\/tr>\n<tr>\n<td width=\"189\">Matem\u00e1tica<p><\/p>\n<p>Computaci\u00f3n I<\/p>\n<p>Derecho<\/p>\n<p>Econom\u00eda<\/p>\n<p>Contabilidad<\/p>\n<p>Sociolog\u00eda de la organizaci\u00f3n<\/p>\n<p>Principios de administraci\u00f3n<\/p>\n<p>Metodolog\u00eda de la Investigaci\u00f3n<\/p>\n<p>Derecho Laboral<\/p>\n<p>EDI Marketing digital<\/p>\n<\/td>\n<td width=\"189\">Matem\u00e1tica II<p><\/p>\n<p>Estad\u00edstica<\/p>\n<p>Ingl\u00e9s I<\/p>\n<p>Computaci\u00f3n II<\/p>\n<p>Contabilidad II<\/p>\n<p>Administraci\u00f3n de la Producci\u00f3n<\/p>\n<p>Administraci\u00f3n Financiera<\/p>\n<p>Marketing<\/p>\n<p>Derecho Comercial<\/p>\n<p>Pr\u00e1ctica Profesional I<\/p>\n<p>Espacio de Definici\u00f3n Institucional (EDI)<\/p>\n<\/td>\n<td width=\"189\">Ingl\u00e9s II<p><\/p>\n<p>Teor\u00eda y T\u00e9cnica Tributaria<\/p>\n<p>Administraci\u00f3n de Pymes<\/p>\n<p>Comercio Internacional<\/p>\n<p>Costos y Presupuestos<\/p>\n<p>Administraci\u00f3n Estrat\u00e9gica<\/p>\n<p>Administraci\u00f3n de Personal<\/p>\n<p>Pr\u00e1ctica profesional II<\/p>\n<p>Espacio de definici\u00f3n institucional<\/p>\n<\/td>\n<\/tr>\n<\/tbody>\n<\/table>","protected":false},"excerpt":{"rendered":"<p>INFORMACI\u00d3N GENERAL T\u00e9cnico Superior en Administraci\u00f3n de Peque\u00f1as y Medianas EmpresasT\u00edtulo Oficial de Validez Nacional: Resol. 5835\/03Horario de cursada: 18 a 20 horas. Duraci\u00f3n: 3 a\u00f1osModalidad: Presencial Requisitos: T\u00edtulo Secundario* &nbsp; CAMPO PROFESIONAL El T\u00e9cnico Superior en Administraci\u00f3n podr\u00e1 desarrollar sus actividades en grandes empresas, peque\u00f1as y medianas empresas y micro emprendimientos como tambi\u00e9n en &#8230; <a title=\"Tecnicatura Superior en Administraci\u00f3n de Peque\u00f1as y Medianas Empresas (PYMES)\" class=\"read-more\" href=\"https:\/\/isfd65-bue.infd.edu.ar\/sitio\/tecnico-superior-en-administracion-pymes\/\" aria-label=\"More on Tecnicatura Superior en Administraci\u00f3n de Peque\u00f1as y Medianas Empresas (PYMES)\">[+]<\/a><\/p>\n","protected":false},"author":68,"featured_media":0,"parent":0,"menu_order":0,"comment_status":"closed","ping_status":"closed","template":"","meta":[],"acf":[],"_links":{"self":[{"href":"https:\/\/isfd65-bue.infd.edu.ar\/sitio\/wp-json\/wp\/v2\/pages\/735"}],"collection":[{"href":"https:\/\/isfd65-bue.infd.edu.ar\/sitio\/wp-json\/wp\/v2\/pages"}],"about":[{"href":"https:\/\/isfd65-bue.infd.edu.ar\/sitio\/wp-json\/wp\/v2\/types\/page"}],"author":[{"embeddable":true,"href":"https:\/\/isfd65-bue.infd.edu.ar\/sitio\/wp-json\/wp\/v2\/users\/68"}],"replies":[{"embeddable":true,"href":"https:\/\/isfd65-bue.infd.edu.ar\/sitio\/wp-json\/wp\/v2\/comments?post=735"}],"version-history":[{"count":6,"href":"https:\/\/isfd65-bue.infd.edu.ar\/sitio\/wp-json\/wp\/v2\/pages\/735\/revisions"}],"predecessor-version":[{"id":968,"href":"https:\/\/isfd65-bue.infd.edu.ar\/sitio\/wp-json\/wp\/v2\/pages\/735\/revisions\/968"}],"wp:attachment":[{"href":"https:\/\/isfd65-bue.infd.edu.ar\/sitio\/wp-json\/wp\/v2\/media?parent=735"}],"curies":[{"name":"wp","href":"https:\/\/api.w.org\/{rel}","templated":true}]}}